{"id":21734,"date":"2016-06-23T19:55:44","date_gmt":"2016-06-23T19:55:44","guid":{"rendered":"https:\/\/mestrainfo.com.br\/site\/?page_id=21734"},"modified":"2017-04-13T17:12:00","modified_gmt":"2017-04-13T20:12:00","slug":"diferenciais","status":"publish","type":"page","link":"https:\/\/mestrainfo.com.br\/site\/empresa\/diferenciais\/","title":{"rendered":"Diferenciais"},"content":{"rendered":"<p>[vc_row row_type=&#8221;row&#8221; use_row_as_full_screen_section=&#8221;no&#8221; type=&#8221;full_width&#8221; text_align=&#8221;left&#8221; background_color=&#8221;#f5f5f5&#8243; padding_top=&#8221;10&#8243; padding_bottom=&#8221;10&#8243; css_animation=&#8221;&#8221;][vc_column][vc_column_text]<\/p>\n<h6>Capacita\u00e7\u00e3o e evolu\u00e7\u00e3o tecnol\u00f3gica<\/h6>\n<p>Quando contratar um produto Mestra, pode ter certeza: est\u00e1 contratando o melhor da tecnologia dispon\u00edvel no mercado. Aqui, os investimentos na atualiza\u00e7\u00e3o profissional e de sistemas s\u00e3o premissas b\u00e1sicas, constantes. Tudo para assegurar o melhor retorno para o seu investimento.<\/p>\n<p>&nbsp;<\/p>\n<h6>Conhecimento nos segmentos de atua\u00e7\u00e3o<\/h6>\n<p>Nossos profissionais participam frenquentemente de programas de reciclagens. Isso inclui: MBAs, congressos, eventos sobre Instru\u00e7\u00f5es Normativas entre outros cursos de aperfei\u00e7oamento. Todo aprendizado \u00e9 compartilhado internamente e tamb\u00e9m com nossos parceiros, com o objetivo de disseminar conhecimento e agregar valor aos neg\u00f3cios dos clientes.<\/p>\n<p>&nbsp;<\/p>\n<h6>Filosofia de atua\u00e7\u00e3o nos projetos<\/h6>\n<p>Na Mestra, cada cliente possui um gerente de projeto e equipe dedicada ao seu atendimento. Um modelo de atua\u00e7\u00e3o que gera um alto padr\u00e3o de envolvimento e entrega. Tudo \u00e9 personalizado: atendimento e sistema. Na Mestra, demandas diferentes recebem solu\u00e7\u00f5es especiais.<\/p>\n<p>&nbsp;<\/p>\n<p><img fetchpriority=\"high\" decoding=\"async\" class=\"alignleft size-medium wp-image-22020\" src=\"http:\/\/mestrainformatica.com.br\/site\/wp-content\/uploads\/2017\/04\/selotech_Mestra-Informatica-e-Tecnologia-300x215.jpg\" alt=\"selotech_Mestra Informatica e Tecnologia\" width=\"300\" height=\"215\" srcset=\"https:\/\/mestrainfo.com.br\/site\/wp-content\/uploads\/2017\/04\/selotech_Mestra-Informatica-e-Tecnologia-300x215.jpg 300w, https:\/\/mestrainfo.com.br\/site\/wp-content\/uploads\/2017\/04\/selotech_Mestra-Informatica-e-Tecnologia-768x550.jpg 768w, https:\/\/mestrainfo.com.br\/site\/wp-content\/uploads\/2017\/04\/selotech_Mestra-Informatica-e-Tecnologia-1024x733.jpg 1024w, https:\/\/mestrainfo.com.br\/site\/wp-content\/uploads\/2017\/04\/selotech_Mestra-Informatica-e-Tecnologia-700x501.jpg 700w, https:\/\/mestrainfo.com.br\/site\/wp-content\/uploads\/2017\/04\/selotech_Mestra-Informatica-e-Tecnologia-1100x787.jpg 1100w, https:\/\/mestrainfo.com.br\/site\/wp-content\/uploads\/2017\/04\/selotech_Mestra-Informatica-e-Tecnologia.jpg 1670w\" sizes=\"(max-width: 300px) 100vw, 300px\" \/><img decoding=\"async\" class=\"wp-image-22018 alignright\" src=\"http:\/\/mestrainformatica.com.br\/site\/wp-content\/uploads\/2017\/04\/assespro_responsabilidade-social-150x150.png\" alt=\"assespro_responsabilidade-social\" width=\"205\" height=\"205\" srcset=\"https:\/\/mestrainfo.com.br\/site\/wp-content\/uploads\/2017\/04\/assespro_responsabilidade-social-150x150.png 150w, https:\/\/mestrainfo.com.br\/site\/wp-content\/uploads\/2017\/04\/assespro_responsabilidade-social-300x300.png 300w, https:\/\/mestrainfo.com.br\/site\/wp-content\/uploads\/2017\/04\/assespro_responsabilidade-social-768x768.png 768w, https:\/\/mestrainfo.com.br\/site\/wp-content\/uploads\/2017\/04\/assespro_responsabilidade-social-1024x1024.png 1024w, https:\/\/mestrainfo.com.br\/site\/wp-content\/uploads\/2017\/04\/assespro_responsabilidade-social-550x550.png 550w, https:\/\/mestrainfo.com.br\/site\/wp-content\/uploads\/2017\/04\/assespro_responsabilidade-social-500x500.png 500w, https:\/\/mestrainfo.com.br\/site\/wp-content\/uploads\/2017\/04\/assespro_responsabilidade-social-1000x1000.png 1000w, https:\/\/mestrainfo.com.br\/site\/wp-content\/uploads\/2017\/04\/assespro_responsabilidade-social-700x700.png 700w, https:\/\/mestrainfo.com.br\/site\/wp-content\/uploads\/2017\/04\/assespro_responsabilidade-social-1100x1100.png 1100w, https:\/\/mestrainfo.com.br\/site\/wp-content\/uploads\/2017\/04\/assespro_responsabilidade-social.png 2000w\" sizes=\"(max-width: 205px) 100vw, 205px\" \/>[\/vc_column_text][\/vc_column][\/vc_row][vc_row row_type=&#8221;row&#8221; use_row_as_full_screen_section=&#8221;no&#8221; type=&#8221;full_width&#8221; text_align=&#8221;left&#8221; css_animation=&#8221;&#8221;][vc_column][vc_empty_space height=&#8221;50px&#8221;][\/vc_column][\/vc_row]<\/p>\n","protected":false},"excerpt":{"rendered":"<p>[vc_row row_type=&#8221;row&#8221; use_row_as_full_screen_section=&#8221;no&#8221; type=&#8221;full_width&#8221; text_align=&#8221;left&#8221; background_color=&#8221;#f5f5f5&#8243; padding_top=&#8221;10&#8243; padding_bottom=&#8221;10&#8243; css_animation=&#8221;&#8221;][vc_column][vc_column_text] Capacita\u00e7\u00e3o e evolu\u00e7\u00e3o tecnol\u00f3gica Quando contratar um produto Mestra, pode ter certeza: est\u00e1 contratando o melhor da tecnologia dispon\u00edvel no mercado. Aqui, os investimentos na atualiza\u00e7\u00e3o profissional e de sistemas s\u00e3o premissas b\u00e1sicas, constantes. Tudo para&#8230;<\/p>\n","protected":false},"author":1,"featured_media":0,"parent":21433,"menu_order":0,"comment_status":"open","ping_status":"open","template":"","meta":{"_monsterinsights_skip_tracking":false,"_monsterinsights_sitenote_active":false,"_monsterinsights_sitenote_note":"","_monsterinsights_sitenote_category":0,"footnotes":""},"class_list":["post-21734","page","type-page","status-publish","hentry"],"yoast_head":"<!-- This site is optimized with the Yoast SEO plugin v25.5 - https:\/\/yoast.com\/wordpress\/plugins\/seo\/ -->\r\n<title>Diferenciais - Mestra Inform\u00e1tica e Tecnologia<\/title>\r\n<meta name=\"robots\" content=\"index, follow, max-snippet:-1, max-image-preview:large, max-video-preview:-1\" \/>\r\n<link rel=\"canonical\" href=\"https:\/\/mestrainfo.com.br\/site\/empresa\/diferenciais\/\" \/>\r\n<meta property=\"og:locale\" content=\"pt_BR\" \/>\r\n<meta property=\"og:type\" content=\"article\" \/>\r\n<meta property=\"og:title\" content=\"Diferenciais - Mestra Inform\u00e1tica e Tecnologia\" \/>\r\n<meta property=\"og:description\" content=\"[vc_row row_type=&#8221;row&#8221; use_row_as_full_screen_section=&#8221;no&#8221; type=&#8221;full_width&#8221; text_align=&#8221;left&#8221; background_color=&#8221;#f5f5f5&#8243; padding_top=&#8221;10&#8243; padding_bottom=&#8221;10&#8243; css_animation=&#8221;&#8221;][vc_column][vc_column_text] Capacita\u00e7\u00e3o e evolu\u00e7\u00e3o tecnol\u00f3gica Quando contratar um produto Mestra, pode ter certeza: est\u00e1 contratando o melhor da tecnologia dispon\u00edvel no mercado. Aqui, os investimentos na atualiza\u00e7\u00e3o profissional e de sistemas s\u00e3o premissas b\u00e1sicas, constantes. Tudo para...\" \/>\r\n<meta property=\"og:url\" content=\"https:\/\/mestrainfo.com.br\/site\/empresa\/diferenciais\/\" \/>\r\n<meta property=\"og:site_name\" content=\"Mestra Inform\u00e1tica e Tecnologia\" \/>\r\n<meta property=\"article:modified_time\" content=\"2017-04-13T20:12:00+00:00\" \/>\r\n<meta property=\"og:image\" content=\"https:\/\/mestrainfo.com.br\/site\/wp-content\/uploads\/2017\/04\/selotech_Mestra-Informatica-e-Tecnologia.jpg\" \/>\r\n\t<meta property=\"og:image:width\" content=\"1670\" \/>\r\n\t<meta property=\"og:image:height\" content=\"1195\" \/>\r\n\t<meta property=\"og:image:type\" content=\"image\/jpeg\" \/>\r\n<meta name=\"twitter:card\" content=\"summary_large_image\" \/>\r\n<meta name=\"twitter:label1\" content=\"Est. tempo de leitura\" \/>\n\t<meta name=\"twitter:data1\" content=\"1 minuto\" \/>\r\n<script type=\"application\/ld+json\" class=\"yoast-schema-graph\">{\"@context\":\"https:\/\/schema.org\",\"@graph\":[{\"@type\":\"WebPage\",\"@id\":\"https:\/\/mestrainfo.com.br\/site\/empresa\/diferenciais\/\",\"url\":\"https:\/\/mestrainfo.com.br\/site\/empresa\/diferenciais\/\",\"name\":\"Diferenciais - Mestra Inform\u00e1tica e Tecnologia\",\"isPartOf\":{\"@id\":\"https:\/\/mestrainfo.com.br\/site\/#website\"},\"primaryImageOfPage\":{\"@id\":\"https:\/\/mestrainfo.com.br\/site\/empresa\/diferenciais\/#primaryimage\"},\"image\":{\"@id\":\"https:\/\/mestrainfo.com.br\/site\/empresa\/diferenciais\/#primaryimage\"},\"thumbnailUrl\":\"http:\/\/mestrainformatica.com.br\/site\/wp-content\/uploads\/2017\/04\/selotech_Mestra-Informatica-e-Tecnologia-300x215.jpg\",\"datePublished\":\"2016-06-23T19:55:44+00:00\",\"dateModified\":\"2017-04-13T20:12:00+00:00\",\"breadcrumb\":{\"@id\":\"https:\/\/mestrainfo.com.br\/site\/empresa\/diferenciais\/#breadcrumb\"},\"inLanguage\":\"pt-BR\",\"potentialAction\":[{\"@type\":\"ReadAction\",\"target\":[\"https:\/\/mestrainfo.com.br\/site\/empresa\/diferenciais\/\"]}]},{\"@type\":\"ImageObject\",\"inLanguage\":\"pt-BR\",\"@id\":\"https:\/\/mestrainfo.com.br\/site\/empresa\/diferenciais\/#primaryimage\",\"url\":\"http:\/\/mestrainformatica.com.br\/site\/wp-content\/uploads\/2017\/04\/selotech_Mestra-Informatica-e-Tecnologia-300x215.jpg\",\"contentUrl\":\"http:\/\/mestrainformatica.com.br\/site\/wp-content\/uploads\/2017\/04\/selotech_Mestra-Informatica-e-Tecnologia-300x215.jpg\"},{\"@type\":\"BreadcrumbList\",\"@id\":\"https:\/\/mestrainfo.com.br\/site\/empresa\/diferenciais\/#breadcrumb\",\"itemListElement\":[{\"@type\":\"ListItem\",\"position\":1,\"name\":\"In\u00edcio\",\"item\":\"https:\/\/mestrainfo.com.br\/site\/\"},{\"@type\":\"ListItem\",\"position\":2,\"name\":\"Empresa\",\"item\":\"https:\/\/mestrainfo.com.br\/site\/empresa\/\"},{\"@type\":\"ListItem\",\"position\":3,\"name\":\"Diferenciais\"}]},{\"@type\":\"WebSite\",\"@id\":\"https:\/\/mestrainfo.com.br\/site\/#website\",\"url\":\"https:\/\/mestrainfo.com.br\/site\/\",\"name\":\"Mestra Inform\u00e1tica e Tecnologia\",\"description\":\"Consultoria, Planejamento e Desenvolvimento de Sistemas\",\"publisher\":{\"@id\":\"https:\/\/mestrainfo.com.br\/site\/#organization\"},\"potentialAction\":[{\"@type\":\"SearchAction\",\"target\":{\"@type\":\"EntryPoint\",\"urlTemplate\":\"https:\/\/mestrainfo.com.br\/site\/?s={search_term_string}\"},\"query-input\":{\"@type\":\"PropertyValueSpecification\",\"valueRequired\":true,\"valueName\":\"search_term_string\"}}],\"inLanguage\":\"pt-BR\"},{\"@type\":\"Organization\",\"@id\":\"https:\/\/mestrainfo.com.br\/site\/#organization\",\"name\":\"Mestra Inform\u00e1tica e Tecnologia\",\"url\":\"https:\/\/mestrainfo.com.br\/site\/\",\"logo\":{\"@type\":\"ImageObject\",\"inLanguage\":\"pt-BR\",\"@id\":\"https:\/\/mestrainfo.com.br\/site\/#\/schema\/logo\/image\/\",\"url\":\"http:\/\/www.mestrainfo.com.br\/site\/wp-content\/uploads\/2016\/12\/logo-mestra-04.png\",\"contentUrl\":\"http:\/\/www.mestrainfo.com.br\/site\/wp-content\/uploads\/2016\/12\/logo-mestra-04.png\",\"width\":324,\"height\":200,\"caption\":\"Mestra Inform\u00e1tica e Tecnologia\"},\"image\":{\"@id\":\"https:\/\/mestrainfo.com.br\/site\/#\/schema\/logo\/image\/\"}}]}<\/script>\r\n<!-- \/ Yoast SEO plugin. -->","yoast_head_json":{"title":"Diferenciais - Mestra Inform\u00e1tica e Tecnologia","robots":{"index":"index","follow":"follow","max-snippet":"max-snippet:-1","max-image-preview":"max-image-preview:large","max-video-preview":"max-video-preview:-1"},"canonical":"https:\/\/mestrainfo.com.br\/site\/empresa\/diferenciais\/","og_locale":"pt_BR","og_type":"article","og_title":"Diferenciais - Mestra Inform\u00e1tica e Tecnologia","og_description":"[vc_row row_type=&#8221;row&#8221; use_row_as_full_screen_section=&#8221;no&#8221; type=&#8221;full_width&#8221; text_align=&#8221;left&#8221; background_color=&#8221;#f5f5f5&#8243; padding_top=&#8221;10&#8243; padding_bottom=&#8221;10&#8243; css_animation=&#8221;&#8221;][vc_column][vc_column_text] Capacita\u00e7\u00e3o e evolu\u00e7\u00e3o tecnol\u00f3gica Quando contratar um produto Mestra, pode ter certeza: est\u00e1 contratando o melhor da tecnologia dispon\u00edvel no mercado. Aqui, os investimentos na atualiza\u00e7\u00e3o profissional e de sistemas s\u00e3o premissas b\u00e1sicas, constantes. Tudo para...","og_url":"https:\/\/mestrainfo.com.br\/site\/empresa\/diferenciais\/","og_site_name":"Mestra Inform\u00e1tica e Tecnologia","article_modified_time":"2017-04-13T20:12:00+00:00","og_image":[{"width":1670,"height":1195,"url":"https:\/\/mestrainfo.com.br\/site\/wp-content\/uploads\/2017\/04\/selotech_Mestra-Informatica-e-Tecnologia.jpg","type":"image\/jpeg"}],"twitter_card":"summary_large_image","twitter_misc":{"Est. tempo de leitura":"1 minuto"},"schema":{"@context":"https:\/\/schema.org","@graph":[{"@type":"WebPage","@id":"https:\/\/mestrainfo.com.br\/site\/empresa\/diferenciais\/","url":"https:\/\/mestrainfo.com.br\/site\/empresa\/diferenciais\/","name":"Diferenciais - Mestra Inform\u00e1tica e Tecnologia","isPartOf":{"@id":"https:\/\/mestrainfo.com.br\/site\/#website"},"primaryImageOfPage":{"@id":"https:\/\/mestrainfo.com.br\/site\/empresa\/diferenciais\/#primaryimage"},"image":{"@id":"https:\/\/mestrainfo.com.br\/site\/empresa\/diferenciais\/#primaryimage"},"thumbnailUrl":"http:\/\/mestrainformatica.com.br\/site\/wp-content\/uploads\/2017\/04\/selotech_Mestra-Informatica-e-Tecnologia-300x215.jpg","datePublished":"2016-06-23T19:55:44+00:00","dateModified":"2017-04-13T20:12:00+00:00","breadcrumb":{"@id":"https:\/\/mestrainfo.com.br\/site\/empresa\/diferenciais\/#breadcrumb"},"inLanguage":"pt-BR","potentialAction":[{"@type":"ReadAction","target":["https:\/\/mestrainfo.com.br\/site\/empresa\/diferenciais\/"]}]},{"@type":"ImageObject","inLanguage":"pt-BR","@id":"https:\/\/mestrainfo.com.br\/site\/empresa\/diferenciais\/#primaryimage","url":"http:\/\/mestrainformatica.com.br\/site\/wp-content\/uploads\/2017\/04\/selotech_Mestra-Informatica-e-Tecnologia-300x215.jpg","contentUrl":"http:\/\/mestrainformatica.com.br\/site\/wp-content\/uploads\/2017\/04\/selotech_Mestra-Informatica-e-Tecnologia-300x215.jpg"},{"@type":"BreadcrumbList","@id":"https:\/\/mestrainfo.com.br\/site\/empresa\/diferenciais\/#breadcrumb","itemListElement":[{"@type":"ListItem","position":1,"name":"In\u00edcio","item":"https:\/\/mestrainfo.com.br\/site\/"},{"@type":"ListItem","position":2,"name":"Empresa","item":"https:\/\/mestrainfo.com.br\/site\/empresa\/"},{"@type":"ListItem","position":3,"name":"Diferenciais"}]},{"@type":"WebSite","@id":"https:\/\/mestrainfo.com.br\/site\/#website","url":"https:\/\/mestrainfo.com.br\/site\/","name":"Mestra Inform\u00e1tica e Tecnologia","description":"Consultoria, Planejamento e Desenvolvimento de Sistemas","publisher":{"@id":"https:\/\/mestrainfo.com.br\/site\/#organization"},"potentialAction":[{"@type":"SearchAction","target":{"@type":"EntryPoint","urlTemplate":"https:\/\/mestrainfo.com.br\/site\/?s={search_term_string}"},"query-input":{"@type":"PropertyValueSpecification","valueRequired":true,"valueName":"search_term_string"}}],"inLanguage":"pt-BR"},{"@type":"Organization","@id":"https:\/\/mestrainfo.com.br\/site\/#organization","name":"Mestra Inform\u00e1tica e Tecnologia","url":"https:\/\/mestrainfo.com.br\/site\/","logo":{"@type":"ImageObject","inLanguage":"pt-BR","@id":"https:\/\/mestrainfo.com.br\/site\/#\/schema\/logo\/image\/","url":"http:\/\/www.mestrainfo.com.br\/site\/wp-content\/uploads\/2016\/12\/logo-mestra-04.png","contentUrl":"http:\/\/www.mestrainfo.com.br\/site\/wp-content\/uploads\/2016\/12\/logo-mestra-04.png","width":324,"height":200,"caption":"Mestra Inform\u00e1tica e Tecnologia"},"image":{"@id":"https:\/\/mestrainfo.com.br\/site\/#\/schema\/logo\/image\/"}}]}},"_links":{"self":[{"href":"https:\/\/mestrainfo.com.br\/site\/wp-json\/wp\/v2\/pages\/21734","targetHints":{"allow":["GET"]}}],"collection":[{"href":"https:\/\/mestrainfo.com.br\/site\/wp-json\/wp\/v2\/pages"}],"about":[{"href":"https:\/\/mestrainfo.com.br\/site\/wp-json\/wp\/v2\/types\/page"}],"author":[{"embeddable":true,"href":"https:\/\/mestrainfo.com.br\/site\/wp-json\/wp\/v2\/users\/1"}],"replies":[{"embeddable":true,"href":"https:\/\/mestrainfo.com.br\/site\/wp-json\/wp\/v2\/comments?post=21734"}],"version-history":[{"count":4,"href":"https:\/\/mestrainfo.com.br\/site\/wp-json\/wp\/v2\/pages\/21734\/revisions"}],"predecessor-version":[{"id":22023,"href":"https:\/\/mestrainfo.com.br\/site\/wp-json\/wp\/v2\/pages\/21734\/revisions\/22023"}],"up":[{"embeddable":true,"href":"https:\/\/mestrainfo.com.br\/site\/wp-json\/wp\/v2\/pages\/21433"}],"wp:attachment":[{"href":"https:\/\/mestrainfo.com.br\/site\/wp-json\/wp\/v2\/media?parent=21734"}],"curies":[{"name":"wp","href":"https:\/\/api.w.org\/{rel}","templated":true}]}}